6 and 208?
52
Calculate the highest common factor of 175 and 1200.
25
What is the greatest common divisor of 1798 and 62?
62
Calculate the greatest common divisor of 37 and 1073.
37
Calculate the greatest common factor of 126 and 12.
6
Calculate the greatest common divisor of 513 and 27.
27
What is the highest common divisor of 6 and 178?
2
Calculate the highest common factor of 242 and 50.
2
Calculate the greatest common divisor of 1343 and 553.
79
Calculate the highest common factor of 178 and 4.
2
Calculate the highest common divisor of 120 and 5448.
24
What is the highest common divisor of 200 and 240?
40
Calculate the greatest common factor of 1127 and 245.
49
Calculate the highest common factor of 12002 and 272.
34
What is the greatest common factor of 5504 and 43?
43
Calculate the highest common divisor of 84 and 147.
21
Calculate the highest common divisor of 198 and 154.
22
Calculate the greatest common divisor of 276 and 1788.
12
What is the greatest common factor of 84 and 532?
28
What is the highest common factor of 77 and 858?
11
What is the highest common divisor of 19186 and 106?
106
Calculate the greatest common factor of 5428 and 1888.
236
Calculate the highest common factor of 144 and 3.
3
What is the highest common divisor of 210 and 42420?
210
What is the greatest common factor of 52002 and 214?
214
Calculate the greatest common factor of 132 and 1098.
6
What is the highest common divisor of 255 and 165?
15
Calculate the highest common divisor of 76 and 1007.
19
What is the highest common divisor of 110 and 120?
10
What is the highest common divisor of 34 and 374?
34
Calculate the greatest common divisor of 682 and 124.
62
Calculate the greatest common factor of 112 and 512.
16
Calculate the highest common divisor of 32 and 1296.
16
Calculate the highest common factor of 330 and 9.
3
Calculate the highest common divisor of 434 and 210.
14
Calculate the highest common factor of 56 and 8792.
56
What is the greatest common divisor of 48 and 597?
3
What is the greatest common factor of 396 and 18?
18
Calculate the greatest common divisor of 168 and 112.
56
Calculate the greatest common divisor of 39 and 39.
39
Calculate the greatest common divisor of 756 and 861.
21
Calculate the highest common factor of 44913 and 33.
33
Calculate the greatest common divisor of 1256 and 16.
8
What is the greatest common factor of 105 and 819?
21
What is the highest common divisor of 425 and 25?
25
Calculate the greatest common divisor of 1394 and 82.
82
Calculate the greatest common factor of 100 and 1620.
20
What is the highest common factor of 448 and 56?
56
Calculate the highest common factor of 513 and 108.
27
Calculate the highest common factor of 856 and 535.
107
Calculate the highest common factor of 48 and 272.
16
Calculate the greatest common divisor of 23 and 1403.
23
Calculate the highest common factor of 2 and 1954.
2
What is the highest common divisor of 71 and 2272?
71
What is the highest common factor of 12 and 2838?
6
Calculate the greatest common divisor of 1314 and 12.
6
What is the greatest common factor of 4470 and 6?
6
Calculate the highest common factor of 26 and 1625.
13
What is the highest common factor of 2999 and 1?
1
Calculate the highest common factor of 280 and 80.
40
Calculate the highest common factor of 1076 and 6.
2
Calculate the greatest common divisor of 32 and 464.
16
What is the highest common factor of 2028 and 9672?
156
Calculate the highest common factor of 176 and 154.
22
Calculate the greatest common divisor of 60 and 444.
12
What is the highest common divisor of 3043 and 4296?
179
What is the greatest common divisor of 48 and 216?
24
Calculate the highest common divisor of 894 and 9.
3
What is the greatest common factor of 1627 and 2?
1
What is the highest common divisor of 27 and 14769?
27
What is the highest common factor of 4154 and 938?
134
Calculate the highest common divisor of 67 and 469.
67
What is the greatest common factor of 128 and 13712?
16
What is the greatest common factor of 1881 and 3?
3
What is the highest common divisor of 1337 and 28?
7
Calculate the highest common factor of 56 and 21.
7
Calculate the greatest common divisor of 208 and 286.
26
What is the highest common divisor of 3131 and 505?
101
What is the greatest common factor of 720 and 1280?
80
What is the greatest common divisor of 2249 and 26?
13
Calculate the greatest common factor of 92 and 92.
92
What is the highest common divisor of 3667 and 247?
19
Calculate the greatest common divisor of 580 and 80.
20
Calculate the highest common divisor of 522 and 116.
58
Calculate the greatest common factor of 7740 and 180.
180
Calculate the greatest common factor of 96 and 18.
6
Calculate the greatest common divisor of 24 and 12.
12
Calculate the greatest common factor of 621 and 46.
23
Calculate the highest common factor of 11 and 539.
11
Calculate the greatest common factor of 15 and 1164.
3
What is the highest common divisor of 280 and 105?
35
What is the highest common divisor of 260 and 104?
52
Calculate the highest common divisor of 165 and 297.
33
Calculate the greatest common factor of 65 and 52.
13
Calculate the highest common factor of 765 and 221.
17
What is the greatest common factor of 7 and 1140?
1
What is the highest common divisor of 4 and 4?
4
What is the highest common divisor of 28 and 28?
28
Calculate the greatest common factor of 598 and 92.
46
What is the highest common factor of 81 and 117?
9
Calculate the highest common factor of 13 and 143.
13
What is the greatest common divisor of 88 and 4136?
88
What is the greatest common divisor of 24 and 24?
24
What is the highest common factor of 40 and 13?
1
Calculate the highest common factor of 150 and 48.
6
What is the highest common factor of 90 and 5490?
90
What is the greatest common divisor of 2091 and 123?
123
Calculate the highest common factor of 24 and 600.
24
What is the greatest common factor of 26322 and 492?
246
What is the highest common divisor of 1111 and 308?
11
Calculate the highest common factor of 520 and 78.
26
What is the highest common divisor of 5 and 745?
5
Calculate the greatest common divisor of 58 and 1798.
58
What is the greatest common divisor of 290 and 522?
58
Calculate the highest common divisor of 12 and 3028.
4
What is the highest common factor of 473 and 33?
11
Calculate the greatest common factor of 888 and 24.
24
Calculate the highest common factor of 261 and 279.
9
Calculate the greatest common divisor of 2067 and 117.
39
What is the greatest common divisor of 49 and 20531?
49
What is the greatest common divisor of 82 and 10?
2
What is the greatest common factor of 336 and 763?
7
What is the greatest common factor of 40 and 2030?
10
Calculate the highest common divisor of 52 and 832.
52
Calculate the highest common divisor of 159 and 12.
3
What is the greatest common divisor of 6698 and 985?
197
Calculate the greatest common divisor of 207 and 483.
69
What is the greatest common factor of 238 and 22729?
119
Calculate the highest common factor of 1 and 32.
1
Calculate the highest common factor of 11 and 16093.
11
Calculate the highest common divisor of 5870 and 20.
10
Calculate the highest common factor of 608 and 1406.
38
What is the highest common divisor of 236 and 20?
4
Calculate the greatest common divisor of 120 and 1470.
30
What is the highest common divisor of 65 and 10?
5
What is the highest common factor of 220 and 3410?
110
What is the greatest common factor of 56 and 140?
28
What is the highest common factor of 336 and 80?
16
What is the highest common divisor of 3249 and 114?
57
What is the highest common factor of 37 and 11507?
37
Calculate the highest common divisor of 34 and 4318.
34
What is the greatest common divisor of 1482 and 38?
38
Calculate the greatest common divisor of 39 and 93.
3
Calculate the highest common factor of 1655 and 5.
5
Calculate the greatest common factor of 54 and 72.
18
What is the highest common divisor of 3384 and 36?
36
What is the highest common factor of 6225 and 75?
75
What is the highest common divisor of 116 and 4?
4
Calculate the highest common factor of 127 and 381.
127
Calculate the greatest common factor of 13 and 117.
13
Calculate the highest common factor of 799 and